{"id":935,"date":"2025-02-11T14:45:34","date_gmt":"2025-02-11T13:45:34","guid":{"rendered":"https:\/\/www.lk-formation.fr\/?page_id=935"},"modified":"2025-02-11T23:31:45","modified_gmt":"2025-02-11T22:31:45","slug":"sst-initial","status":"publish","type":"page","link":"https:\/\/www.lk-formation.fr\/index.php\/sst-initial\/","title":{"rendered":"SST Initial"},"content":{"rendered":"<div class=\"fusion-fullwidth fullwidth-box fusion-builder-row-1 fusion-flex-container has-pattern-background has-mask-background nonhundred-percent-fullwidth non-hundred-percent-height-scrolling\" style=\"--awb-border-radius-top-left:0px;--awb-border-radius-top-right:0px;--awb-border-radius-bottom-right:0px;--awb-border-radius-bottom-left:0px;--awb-flex-wrap:wrap;\" ><div class=\"fusion-builder-row fusion-row fusion-flex-align-items-flex-start fusion-flex-content-wrap\" style=\"max-width:1216.8px;margin-left: calc(-4% \/ 2 );margin-right: calc(-4% \/ 2 );\"><div class=\"fusion-layout-column fusion_builder_column fusion-builder-column-0 fusion_builder_column_1_5 1_5 fusion-flex-column\" style=\"--awb-bg-size:cover;--awb-width-large:20%;--awb-margin-top-large:0px;--awb-spacing-right-large:9.6%;--awb-margin-bottom-large:20px;--awb-spacing-left-large:9.6%;--awb-width-medium:100%;--awb-order-medium:0;--awb-spacing-right-medium:1.92%;--awb-spacing-left-medium:1.92%;--awb-width-small:100%;--awb-order-small:0;--awb-spacing-right-small:1.92%;--awb-spacing-left-small:1.92%;\"><div class=\"fusion-column-wrapper fusion-column-has-shadow fusion-flex-justify-content-flex-start fusion-content-layout-column\"><div class=\"fusion-image-element \" style=\"--awb-caption-title-font-family:var(--h2_typography-font-family);--awb-caption-title-font-weight:var(--h2_typography-font-weight);--awb-caption-title-font-style:var(--h2_typography-font-style);--awb-caption-title-size:var(--h2_typography-font-size);--awb-caption-title-transform:var(--h2_typography-text-transform);--awb-caption-title-line-height:var(--h2_typography-line-height);--awb-caption-title-letter-spacing:var(--h2_typography-letter-spacing);\"><span class=\" fusion-imageframe imageframe-none imageframe-1 hover-type-none\"><img decoding=\"async\" width=\"300\" height=\"300\" title=\"logo-sst-1\" src=\"https:\/\/www.lk-formation.fr\/wp-content\/uploads\/2024\/12\/logo-sst-1.webp\" data-orig-src=\"https:\/\/www.lk-formation.fr\/wp-content\/uploads\/2024\/12\/logo-sst-1-300x300.webp\" alt class=\"lazyload img-responsive wp-image-884\" srcset=\"data:image\/svg+xml,%3Csvg%20xmlns%3D%27http%3A%2F%2Fwww.w3.org%2F2000%2Fsvg%27%20width%3D%27500%27%20height%3D%27500%27%20viewBox%3D%270%200%20500%20500%27%3E%3Crect%20width%3D%27500%27%20height%3D%27500%27%20fill-opacity%3D%220%22%2F%3E%3C%2Fsvg%3E\" data-srcset=\"https:\/\/www.lk-formation.fr\/wp-content\/uploads\/2024\/12\/logo-sst-1-66x66.webp 66w, https:\/\/www.lk-formation.fr\/wp-content\/uploads\/2024\/12\/logo-sst-1-150x150.webp 150w, https:\/\/www.lk-formation.fr\/wp-content\/uploads\/2024\/12\/logo-sst-1-200x200.webp 200w, https:\/\/www.lk-formation.fr\/wp-content\/uploads\/2024\/12\/logo-sst-1-300x300.webp 300w, https:\/\/www.lk-formation.fr\/wp-content\/uploads\/2024\/12\/logo-sst-1-400x400.webp 400w, https:\/\/www.lk-formation.fr\/wp-content\/uploads\/2024\/12\/logo-sst-1.webp 500w\" data-sizes=\"auto\" data-orig-sizes=\"(max-width: 800px) 100vw, (max-width: 640px) 100vw, 200px\" \/><\/span><\/div><div class=\"fusion-section-separator section-separator horizon fusion-section-separator-1\" style=\"--awb-spacer-padding-top:17.3828125%;--awb-svg-margin-left:9.6%;--awb-svg-margin-right:9.6%;--awb-svg-margin-left-medium:1.92%;--awb-svg-margin-right-medium:1.92%;--awb-svg-margin-left-small:1.92%;--awb-svg-margin-right-small:1.92%;--awb-sep-font-size:0;--awb-sep-line-height:0;\"><div class=\"fusion-section-separator-svg\"><svg class=\"fusion-horizon-candy\" xmlns=\"http:\/\/www.w3.org\/2000\/svg\" version=\"1.1\" width=\"100%\" viewBox=\"0 -0.5 1024 178\" preserveAspectRatio=\"none\" fill=\"rgba(255,255,255,1)\"><path class=\"st0\" d=\"M1024 177.371H0V.219l507.699 133.939L1024 .219v177.152z\"\/>\n\t\t\t\t\t\t\t\t\t<path class=\"st1\" d=\"M1024 177.781H0V39.438l507.699 94.925L1024 39.438v138.343z\"\/>\n\t\t\t\t\t\t\t\t\t<path class=\"st2\" d=\"M1024 177.781H0v-67.892l507.699 24.474L1024 109.889v67.892z\"\/>\n\t\t\t\t\t\t\t\t\t<path class=\"st3\" d=\"M1024 177.781H0v-3.891l507.699-39.526L1024 173.889v3.892z\"\/>\n\t\t\t\t\t\t\t\t<\/svg><\/div><div class=\"fusion-section-separator-spacer\"><div class=\"fusion-section-separator-spacer-height\"><\/div><\/div><\/div><div class=\"fusion-text fusion-text-1\"><p style=\"text-align: center;\"><strong><span style=\"vertical-align: inherit;\"><span style=\"vertical-align: inherit;\"><span style=\"vertical-align: inherit;\"><span style=\"vertical-align: inherit;\">\u23f1\ufe0f <\/span><\/span><\/span><\/span><span style=\"vertical-align: inherit;\"><span style=\"vertical-align: inherit;\"><span style=\"vertical-align: inherit;\"><span style=\"vertical-align: inherit;\"><span style=\"vertical-align: inherit;\"><span style=\"vertical-align: inherit;\">DUR\u00c9E :<\/span><\/span><\/span><\/span><\/span><\/span><\/strong><\/p>\n<p style=\"text-align: center;\"><span style=\"vertical-align: inherit;\"><span style=\"vertical-align: inherit;\"><span style=\"vertical-align: inherit;\"><span style=\"vertical-align: inherit;\">&#8211; 14h sur 2 jours<\/span><\/span><\/span><\/span><\/p>\n<p style=\"text-align: center;\"><strong><span style=\"vertical-align: inherit;\"><span style=\"vertical-align: inherit;\">\ud83d\udc65 GROUPE :<\/span><\/span><\/strong><\/p>\n<p style=\"text-align: center;\"><span style=\"vertical-align: inherit;\"><span style=\"vertical-align: inherit;\">&#8211; 4 \u00e0 10 personnes<\/span><\/span><\/p>\n<p style=\"text-align: center;\"><span style=\"vertical-align: inherit;\"><span style=\"vertical-align: inherit;\">\ud83c\udf93 <\/span><\/span><strong><span style=\"vertical-align: inherit;\"><span style=\"vertical-align: inherit;\">PR\u00c9REQUIS :<\/span><\/span><\/strong><\/p>\n<p style=\"text-align: center;\"><span style=\"vertical-align: inherit;\"><span style=\"vertical-align: inherit;\">&#8211; Aucun<\/span><\/span><\/p>\n<p style=\"text-align: center;\"><strong><span style=\"vertical-align: inherit;\"><span style=\"vertical-align: inherit;\"><span style=\"vertical-align: inherit;\"><span style=\"vertical-align: inherit;\">\ud83d\udc64 TYPE DE PUBLIC :<\/span><\/span><\/span><\/span><\/strong><\/p>\n<p style=\"text-align: center;\"><span style=\"vertical-align: inherit;\"><span style=\"vertical-align: inherit;\"><span style=\"vertical-align: inherit;\"><span style=\"vertical-align: inherit;\">&#8211; Tout public <\/span><\/span><\/span><\/span><\/p>\n<p style=\"text-align: center;\"><span style=\"vertical-align: inherit;\"><span style=\"vertical-align: inherit;\">&#8211; Accessible aux personnes en situation de handicap<\/span><\/span><\/p>\n<p style=\"text-align: center;\">\ud83e\udd14 <strong>M\u00c9THODES D&rsquo;\u00c9VALUATION :<\/strong><\/p>\n<p style=\"text-align: center;\">&#8211; Apport th\u00e9orique et pratique <\/p>\n<p style=\"text-align: center;\">&#8211; QCM<\/p>\n<p style=\"text-align: center;\">&#8211; Mise en situation r\u00e9elle <\/p>\n<p style=\"text-align: center;\"><strong><span style=\"vertical-align: inherit;\"><span style=\"vertical-align: inherit;\">\u20ac TARIFS <\/span><\/span><span style=\"vertical-align: inherit;\"><span style=\"vertical-align: inherit;\">:<\/span><\/span><\/strong><\/p>\n<p style=\"text-align: center;\">&#8211; Demander un devis <\/p>\n<p style=\"text-align: center;\">\n<\/div><\/div><\/div><div class=\"fusion-layout-column fusion_builder_column fusion-builder-column-1 fusion_builder_column_4_5 4_5 fusion-flex-column\" style=\"--awb-bg-size:cover;--awb-width-large:80%;--awb-margin-top-large:0px;--awb-spacing-right-large:2.4%;--awb-margin-bottom-large:20px;--awb-spacing-left-large:2.4%;--awb-width-medium:100%;--awb-order-medium:0;--awb-spacing-right-medium:1.92%;--awb-spacing-left-medium:1.92%;--awb-width-small:100%;--awb-order-small:0;--awb-spacing-right-small:1.92%;--awb-spacing-left-small:1.92%;\"><div class=\"fusion-column-wrapper fusion-column-has-shadow fusion-flex-justify-content-flex-start fusion-content-layout-column\"><div class=\"fusion-title title fusion-title-1 fusion-sep-none fusion-title-text fusion-title-size-one\"><h1 class=\"fusion-title-heading title-heading-left fusion-responsive-typography-calculated\" style=\"margin:0;text-transform:capitalize;--fontSize:60;line-height:var(--awb-typography1-line-height);\"><h1 style=\"text-align: center;\">Sauveteur secouriste du travail Formation initiale&nbsp;<\/h1><\/h1><\/div><div class=\"fusion-separator fusion-full-width-sep\" style=\"align-self: center;margin-left: auto;margin-right: auto;width:100%;\"><div class=\"fusion-separator-border sep-double\" style=\"--awb-height:20px;--awb-amount:20px;--awb-sep-color:var(--awb-color1);border-color:var(--awb-color1);border-top-width:25px;border-bottom-width:25px;\"><\/div><\/div><div class=\"fusion-text fusion-text-2\"><p style=\"text-align: center;\"><strong>\ud83c\udfaf Objectif p\u00e9dagogique :<\/strong><\/p>\n<ul>\n<li><span style=\"color: var(--awb-text-color); font-family: var(--awb-text-font-family); font-size: var(--awb-font-size); font-style: var(--awb-text-font-style); font-weight: var(--awb-text-font-weight); letter-spacing: var(--awb-letter-spacing); text-align: var(--awb-content-alignment); text-transform: var(--awb-text-transform); background-color: var(--awb-bg-color-hover);\">\u00catre un acteur de pr\u00e9vention dans son entreprise<\/span><\/li>\n<li>\u00catre capable de porter les premiers secours \u00e0 toute victime d\u2019un accident ou d\u2019un malaise<\/li>\n<li><span style=\"color: var(--awb-text-color); font-family: var(--awb-text-font-family); font-size: var(--awb-font-size); font-style: var(--awb-text-font-style); font-weight: var(--awb-text-font-weight); letter-spacing: var(--awb-letter-spacing); text-align: var(--awb-content-alignment); text-transform: var(--awb-text-transform); background-color: var(--awb-bg-color-hover);\">Alerter ou faire alerter les secours<\/span><\/li>\n<\/ul>\n<p style=\"text-align: center;\"><strong>\ud83d\udcbc Contenu de la formation :<\/strong><\/p>\n<ul>\n<li><strong>Domaine de comp\u00e9tences 1 &#8211; Intervenir face \u00e0 une situation d&rsquo;accident du travail<\/strong><\/li>\n<\/ul>\n<div><strong>1. Situer son r\u00f4le de SST dans l\u2019organisation des secours dans l\u2019entreprise<\/strong><\/div>\n<div>1.1. Identifier le cadre juridique du r\u00f4le du SST<\/div>\n<div>1.2. D\u00e9limiter son champ d\u2019intervention en mati\u00e8re de secours<\/div>\n<div><\/div>\n<div><strong>2. Prot\u00e9ger de fa\u00e7on adapt\u00e9e<\/strong><\/div>\n<div>2.1. Mettre en \u0153uvre les mesures de protection d\u00e9crites dans le processus d\u2019alerte aux populations<\/div>\n<div>2.2. Identifier les dangers persistants et rep\u00e9rer les personnes qui pourraient y \u00eatre expos\u00e9es<\/div>\n<div>2.3. Supprimer ou isoler le danger persistant, ou soustraire la victime au danger persistant sans s&rsquo;exposer au danger<\/div>\n<div><\/div>\n<div><strong>3. Examiner la victime<\/strong><\/div>\n<div>3.1. Rechercher, suivant un ordre d\u00e9termin\u00e9, la pr\u00e9sence d\u2019un (ou plusieurs) des signes indiquant que la vie de la victime est imm\u00e9diatement menac\u00e9e<\/div>\n<div>3.2. Reconna\u00eetre les autres signes affectant la victime<\/div>\n<div>3.3. Prioriser les actions \u00e0 r\u00e9aliser en fonction des signes d\u00e9cel\u00e9s et du r\u00e9sultat \u00e0 atteindre<\/div>\n<div><\/div>\n<div><strong>4. Garantir une alerte favorisant l\u2019arriv\u00e9e de secours adapt\u00e9s au plus pr\u00e8s de la victime<\/strong><\/div>\n<div>4.1. D\u00e9finir les diff\u00e9rents \u00e9l\u00e9ments du message d\u2019alerte<\/div>\n<div>4.2. Identifier qui alerter en fonction de l\u2019organisation des secours dans l\u2019entreprise<\/div>\n<div>4.3. Faire alerter par la personne la plus apte ou alerter soi-m\u00eame<\/div>\n<div><\/div>\n<div><strong>5. Secourir la victime de mani\u00e8re appropri\u00e9e<\/strong><\/div>\n<div>5.1. Choisir \u00e0 l\u2019issue de l\u2019examen l\u2019action ou les actions \u00e0 effectuer<\/div>\n<div>5.2. R\u00e9aliser l\u2019action ou les actions choisie(s) en respectant la conduite \u00e0 tenir indiqu\u00e9e dans le guide des donn\u00e9es techniques<\/div>\n<p>5.3. Surveiller, jusqu&rsquo;\u00e0 la prise en charge de la victime par les secours sp\u00e9cialis\u00e9s, l\u2019am\u00e9lioration ou l\u2019aggravation de son \u00e9tat et adapter sa conduite si besoin<\/p>\n<ul>\n<li><strong>Domaine de comp\u00e9tences 2 &#8211; contribuer \u00e0 la pr\u00e9vention des risques professionnels dans l&rsquo;entreprise<\/strong><\/li>\n<\/ul>\n<div><strong>6. Situer son r\u00f4le de SST dans l\u2019organisation de la pr\u00e9vention de l\u2019entreprise<\/strong><\/div>\n<div>6.1. S\u2019approprier les enjeux de la pr\u00e9vention pour en situer l\u2019importance dans son entreprise<\/div>\n<div>6.2. Se positionner comme un des acteurs de la pr\u00e9vention dans son entreprise<\/div>\n<div><\/div>\n<div><strong>7. Caract\u00e9riser des risques professionnels dans une situation de travail<\/strong><\/div>\n<div>7.1. Rep\u00e9rer des dangers et informer les personnes qui pourraient y \u00eatre expos\u00e9es<\/div>\n<div>7.2. D\u00e9terminer des risques et leurs dommages potentiels<\/div>\n<div>Analyse des risques :<\/div>\n<div><\/div>\n<div><strong>8. Participer \u00e0 la ma\u00eetrise des risques professionnels par des actions de pr\u00e9vention<\/strong><\/div>\n<div>8.1. Supprimer ou \u00e0 d\u00e9faut r\u00e9duire les risques sur lesquels il est possible d\u2019agir directement<\/div>\n<div>8.2. Transmettre aux personnes en charge de la pr\u00e9vention les \u00e9l\u00e9ments li\u00e9s \u00e0 toute situation dangereuse rep\u00e9r\u00e9e<\/div>\n<div>8.3. Proposer, si possible, des pistes d\u2019am\u00e9lioration<\/div><\/p>\n<\/div><\/div><\/div><\/div><\/div>\n","protected":false},"excerpt":{"rendered":"","protected":false},"author":1,"featured_media":0,"parent":0,"menu_order":0,"comment_status":"closed","ping_status":"closed","template":"","meta":{"footnotes":""},"class_list":["post-935","page","type-page","status-publish","hentry"],"_links":{"self":[{"href":"https:\/\/www.lk-formation.fr\/index.php\/wp-json\/wp\/v2\/pages\/935","targetHints":{"allow":["GET"]}}],"collection":[{"href":"https:\/\/www.lk-formation.fr\/index.php\/wp-json\/wp\/v2\/pages"}],"about":[{"href":"https:\/\/www.lk-formation.fr\/index.php\/wp-json\/wp\/v2\/types\/page"}],"author":[{"embeddable":true,"href":"https:\/\/www.lk-formation.fr\/index.php\/wp-json\/wp\/v2\/users\/1"}],"replies":[{"embeddable":true,"href":"https:\/\/www.lk-formation.fr\/index.php\/wp-json\/wp\/v2\/comments?post=935"}],"version-history":[{"count":14,"href":"https:\/\/www.lk-formation.fr\/index.php\/wp-json\/wp\/v2\/pages\/935\/revisions"}],"predecessor-version":[{"id":1123,"href":"https:\/\/www.lk-formation.fr\/index.php\/wp-json\/wp\/v2\/pages\/935\/revisions\/1123"}],"wp:attachment":[{"href":"https:\/\/www.lk-formation.fr\/index.php\/wp-json\/wp\/v2\/media?parent=935"}],"curies":[{"name":"wp","href":"https:\/\/api.w.org\/{rel}","templated":true}]}}